ed by 3?
1
Suppose 14 + 41 = 5*o - q, -3*o + 3*q = -33. What is the remainder when o is divided by 4/(-10) + 96/15?
5
Let o be ((-16)/6)/(4/(-714)). Calculate the remainder when (o/(-8))/(-7)*2 is divided by (8 - 6) + 1*7.
8
Let m(p) = -p**3 - 7*p**2 + p + 7. Let d be m(-7). Suppose d = -4*a + 121 + 43. Let g(i) = 27*i - 5. What is the remainder when a is divided by g(1)?
19
Calculate the remainder when ((-1231)/7)/(37/(-259)) is divided by 8.
7
Let h(v) = -v**3 + 7*v**2 - v + 18. Let p be h(7). Suppose -347 + 61 = -p*d. What is the remainder when 101 is divided by d?
23
Suppose 0*k - 761 = -3*v - k, 2*v - k - 504 = 0. Calculate the remainder when v is divided by 22.
11
Suppose 15 - 6 = z. Let h(m) = -m**3 + 8*m**2 + 11*m. What is the remainder when h(z) is divided by 10?
8
Suppose -2*a - 5*v = -0*a, -4*v = -4*a - 56. Let y = 94 - 56. What is the remainder when y is divided by ((-26)/5 - -5) + (-102)/a?
8
Suppose 2*b - 54 - 48 = 0. Let l(i) = 8*i**2 + 362*i - 74. What is the remainder when l(-46) is divided by b?
49
Suppose -2*z + 0*t = t - 79, -4*z = t - 161. Let p(m) = m**2 - 4. Let w = -1 + 6. What is the remainder when z is divided by p(w)?
20
Let d(v) = 2*v - 11. Let k be d(13). Let r = 3 + k. Let q(n) = -26*n - 1. Calculate the remainder when q(-2) is divided by r.
15
Let j = -194 - -234. Calculate the remainder when 151 is divided by j.
31
Suppose 13*s - 11*s = 60. Suppose -2*b + 68 = 3*l - s, 0 = 3*b + l - 140. What is the remainder when b is divided by 18?
10
Let y(i) = -5*i**3 - 76*i**2 - 17*i - 6. What is the remainder when y(-15) is divided by 8?
0
Let x = -2 - -17. Suppose -u = 3*d - 2 - x, 120 = 4*u - d. What is the remainder when u is divided by 6?
5
Let f be (-28)/16*6*2. What is the remainder when f/(-14)*(-1 - -3) is divided by ((-4)/(-6))/2*6?
1
Suppose -x - n = 21, 2*x + 0*n - n + 57 = 0. Let s be 39/x + 2/(-4). Let z(a) = 8*a**2 + 4*a + 2. What is the remainder when z(s) is divided by 9?
8
Suppose -2093 + 1995 = -2*z. Calculate the remainder when 70 is divided by z.
21
Suppose 0 = n - 3 + 38. Let g be ((-28)/n)/(2/(-5)). Let f(t) = 6*t**2 + 4*t + 1. Calculate the remainder when 31 is divided by f(g).
14
Suppose 56 = 7*w - 35. What is the remainder when 63 is divided by w?
11
Let i(x) = -x - 1. Let w(c) = c**2 + 15*c + 13. Let v(d) = -3*i(d) - w(d). Calculate the remainder when 26 is divided by v(-10).
6
Suppose -2*x + 4*x = 32. Calculate the remainder when 301 is divided by x.
13
Let v(n) = n**3 + 32*n**2 + 230*n - 7. Let i(z) = z + 1. Calculate the remainder when i(6) is divided by v(-11).
3
Let u = 33 + -31. Suppose -59 - 11 = -u*l. What is the remainder when l is divided by (13 - -6) + -2 + 2?
16
Let s = 1898 - 1749. What is the remainder when s is divided by ((-20)/(-3))/((-4)/(-18))?
29
Suppose -59*x - 7360 = -69*x. What is the remainder when x is divided by 41?
39
Suppose -3*u + 235 = 2*u. Let i = 1430 + -1413. Calculate the remainder when u is divided by i.
13
Let j = -10 - -38. Let b = -8 + j. Calculate the remainder when b is divided by -3 - (-10 + 0/1).
6
Let g(y) = -y**3 + 2*y**2 + 10*y + 62. Calculate the remainder when 142 is divided by g(0).
18
Let j(s) = -4*s - 6. Let t be j(-3). Let y be 183/(-27) + t/(-27). Let q = y + 38. What is the remainder when 92 is divided by q?
30
Let b be (12 - (4 + -2))*-1. Suppose 0*c + 81 = 4*c + 5*k, -2*c - k + 45 = 0. What is the remainder when (-466)/b + (-20)/(-50) is divided by c?
23
Let c = 427 - 349. Calculate the remainder when c is divided by 60.
18
Let k = -111 - -187. Calculate the remainder when k is divided by 16.
12
Let s(c) = c**3 - 6*c**2 - 4*c - 6. Suppose -12 = -k - 10. Let a = k + 5. What is the remainder when s(a) is divided by 9?
6
Let v be (8/(-6) + 0)*(-318)/4. Let j = -81 + v. Calculate the remainder when 149 is divided by j.
24
Suppose 4*c - 2*u - 2*u - 164 = 0, 0 = -c - 3*u + 41. Let g(i) = i**2 - 4*i + 18. Calculate the remainder when c is divided by g(0).
5
Calculate the remainder when 176 is divided by -2*50/(-60)*54/2.
41
Suppose -5*d = -2*d - 21. Let r be 57/(-5) + 12/30. What is the remainder when d is divided by -1 + -3 + (-3 - r)?
3
Suppose 11*y = 237 + 753. Calculate the remainder when y is divided by 23.
21
Let w(t) = 2*t - 5. Let s be w(6). Let k be (-1)/(-1) - (7 - 3). Calculate the remainder when 24 is divided by s/(k/(-12)*2).
10
Let b(y) = y**3 + y**2 + y + 82. Calculate the remainder when b(0) is divided by 7*(-6)/(-28)*68/6.
14
Let j be 3*((-4)/(-3) + -1). Let s be (-3)/(-9)*6/j. Suppose 0 = -y + 3*y - s*v + 2, 2*v - 12 = -3*y. What is the remainder when y is divided by 1?
0
Suppose 0 = 2*q - 7*q. Suppose q = -s - p - 4, p = -3*s - 5 - 5. What is the remainder when 96 is divided by (90/(-3) + s)*-1?
30
Let g(v) = -v**3 + 7*v**2 + 9*v + 7. Suppose 6 + 3 = -3*f - 3*m, 0 = 2*f - m - 9. Suppose 0*d - 16 = -f*d. Calculate the remainder when g(d) is divided by 4.
3
Suppose 3*c + 13 = 2*c - 3*p, -4*p = -4*c - 36. Calculate the remainder when 52 is divided by c/(-45) - 372/(-27).
10
Suppose 4*w = -3*d + 501, 248 = 3*w - 4*d - 159. What is the remainder when w is divided by 21?
3
Let o(d) = 1. Let z(w) = w**2 - 3*w - 13. Let n(y) = 3*o(y) + z(y). Let h be n(9). Suppose -v + h = 3*v. Calculate the remainder when 43 is divided by v.
10
Suppose 0 = 4*c + 4*z - 112, -z - 61 = -2*c + 2*z. Calculate the remainder when 37 is divided by c.
8
Suppose -6*a + 649 = 139. What is the remainder when a is divided by 54?
31
Let f(d) = 6*d + 101. Calculate the remainder when 48 is divided by f(-16).
3
Let j(s) = s**3 + 10*s**2. Let z be j(-7). Let o = z - 106. What is the remainder when o is divided by 16?
9
Let n = -15 - -25. Let y be (4/(-10))/((-4)/(-120)). Let m = y - -39. What is the remainder when m is divided by n?
7
Suppose -3*m = 3*a - 2133, 13*m - 15*m = 5*a - 1425. Suppose h = 5*g - m, g + 2*g = -3*h + 408. What is the remainder when g is divided by 48?
45
Suppose 4*t - 16 = 0, u = -u - 2*t + 54. Let r = 128 + -37. Calculate the remainder when r is divided by u.
22
What is the remainder when 334 is divided by 1/(-12)*4*-168?
54
Suppose h + 4*u - 312 = 0, -1516 = -35*h + 30*h + 2*u. What is the remainder when h is divided by 4?
0
Suppose -p + 6*p - 25 = 0, -3*p + 45 = 5*x. Suppose -4*i - 3*q = i - 308, 3*q = -3*i + 180. Let b = i + -61. Calculate the remainder when x is divided by b.
0
Suppose -3*a + 71 = k, 0 = 2*a - 0*a + 2. Let j = k + -50. Calculate the remainder when j is divided by 13.
11
Suppose 3*b + 318 = 5*l - 177, 198 = 2*l - 2*b. What is the remainder when l is divided by 18?
9
Let n(d) be the second derivative of d**4/12 + d**3 - 7*d**2 + 3*d. Let h be n(-11). Let f = h - 29. Calculate the remainder when 21 is divided by f.
9
Suppose -5*c - 38 + 13 = 0. Calculate the remainder when -5*c/(25/39) is divided by 22.
17
Let r be (-6 - 0 - -3)/((-15)/10). Suppose 0 = 4*j - 16, x + 3*j + r*j = 48. What is the remainder when 52 is divided by x?
24
Let g = -8 + 10. Suppose -3*j = 3*x - 69, -3*j = g*x + 3*x - 73. What is the remainder when j is divided by 11?
10
Suppose -3 = -3*f - 0. Suppose -a = -f - 10. Suppose -2*y = -i + a, 0 = -3*i - y + 7 + 19. What is the remainder when 26 is divided by i?
8
Suppose -11*o + 18*o - 147 = 0. What is the remainder when o is divided by ((-4)/8)/(2/(-52))?
8
Suppose a = 3*a - 8. Suppose a*h + 16 = 2*z, -h + 4*h + 37 = 4*z. What is the remainder when 49 is divided by z?
9
Let z(h) = h + 24. Let w = -49 + 41. Calculate the remainder when z(w) is divided by 4/(-10) + (-54)/(-10).
1
Let d be (-9)/6*206/(-6)*2. Let w(q) = -5*q - 4. Let m be w(9). Let n = d + m. What is the remainder when n is divided by 14?
12
Let a = 8 - -9. Let m(w) = -w**2 - 17*w - 40. Let n be m(-17). Calculate the remainder when (-72)/5*n/12 is divided by a.
14
Suppose 2*v - 2 = 4*v, 2*r - 4*v - 280 = 0. Calculate the remainder when r is divided by 20.
18
Let v(w) = 3*w**2 + 4*w - 79. What is the remainder when v(6) is divided by (-1 + 2)/(1/11)?
9
Let l(t) = 3*t - 4. Let d be l(5). Suppose -d*p + 18 = -10*p. Calculate the remainder when p is divided by 10.
8
Let u(q) = -q**2 - 9*q + 10. Let o be u(-10). Suppose 4*g - 49 - 123 = o. Let n = -27 + g. What is the remainder when 46 is divided by n?
14
Suppose 3*j = -12, -96*x - 5*j = -94*x - 40